der when 3858 is divided by 39.
36
What is the remainder when 373 is divided by 24?
13
Calculate the remainder when 691 is divided by 214.
49
Calculate the remainder when 3134 is divided by 5.
4
What is the remainder when 172 is divided by 5?
2
What is the remainder when 256 is divided by 131?
125
What is the remainder when 29161 is divided by 23?
20
What is the remainder when 159 is divided by 23?
21
What is the remainder when 694 is divided by 12?
10
What is the remainder when 422 is divided by 25?
22
Calculate the remainder when 2875 is divided by 1437.
1
Calculate the remainder when 489 is divided by 10.
9
What is the remainder when 220 is divided by 19?
11
What is the remainder when 1084 is divided by 221?
200
Calculate the remainder when 146 is divided by 74.
72
Calculate the remainder when 2543 is divided by 67.
64
What is the remainder when 209 is divided by 85?
39
Calculate the remainder when 353 is divided by 17.
13
Calculate the remainder when 11 is divided by 6.
5
Calculate the remainder when 206 is divided by 66.
8
Calculate the remainder when 135 is divided by 1.
0
What is the remainder when 329 is divided by 89?
62
Calculate the remainder when 1529 is divided by 51.
50
What is the remainder when 390 is divided by 105?
75
What is the remainder when 2206 is divided by 12?
10
Calculate the remainder when 128 is divided by 22.
18
Calculate the remainder when 351 is divided by 158.
35
What is the remainder when 432 is divided by 231?
201
What is the remainder when 368 is divided by 74?
72
What is the remainder when 208 is divided by 6?
4
Calculate the remainder when 119 is divided by 4.
3
What is the remainder when 46 is divided by 12?
10
Calculate the remainder when 188 is divided by 33.
23
Calculate the remainder when 530 is divided by 8.
2
Calculate the remainder when 1452 is divided by 714.
24
What is the remainder when 26 is divided by 24?
2
What is the remainder when 12739 is divided by 14?
13
Calculate the remainder when 61 is divided by 23.
15
Calculate the remainder when 195 is divided by 98.
97
Calculate the remainder when 573 is divided by 23.
21
Calculate the remainder when 402 is divided by 39.
12
What is the remainder when 22 is divided by 12?
10
Calculate the remainder when 64 is divided by 37.
27
Calculate the remainder when 1947 is divided by 378.
57
What is the remainder when 368 is divided by 120?
8
Calculate the remainder when 945 is divided by 22.
21
Calculate the remainder when 164 is divided by 44.
32
What is the remainder when 3228 is divided by 190?
188
What is the remainder when 2155 is divided by 22?
21
Calculate the remainder when 621 is divided by 26.
23
Calculate the remainder when 117 is divided by 25.
17
What is the remainder when 176 is divided by 81?
14
What is the remainder when 148 is divided by 25?
23
Calculate the remainder when 398 is divided by 11.
2
What is the remainder when 186 is divided by 90?
6
Calculate the remainder when 2443 is divided by 36.
31
What is the remainder when 11965 is divided by 68?
65
What is the remainder when 88 is divided by 9?
7
What is the remainder when 37345 is divided by 142?
141
Calculate the remainder when 32063 is divided by 55.
53
Calculate the remainder when 7 is divided by 3.
1
Calculate the remainder when 4136 is divided by 7.
6
Calculate the remainder when 245 is divided by 14.
7
Calculate the remainder when 3561 is divided by 99.
96
Calculate the remainder when 631 is divided by 53.
48
Calculate the remainder when 1054 is divided by 3.
1
Calculate the remainder when 10 is divided by 7.
3
Calculate the remainder when 36 is divided by 9.
0
What is the remainder when 740 is divided by 106?
104
Calculate the remainder when 834 is divided by 406.
22
Calculate the remainder when 293 is divided by 60.
53
Calculate the remainder when 2387 is divided by 23.
18
What is the remainder when 254 is divided by 53?
42
Calculate the remainder when 109 is divided by 52.
5
What is the remainder when 537 is divided by 12?
9
Calculate the remainder when 338 is divided by 3.
2
What is the remainder when 15 is divided by 1?
0
What is the remainder when 7357 is divided by 2448?
13
What is the remainder when 116 is divided by 10?
6
What is the remainder when 1712 is divided by 26?
22
Calculate the remainder when 89 is divided by 54.
35
What is the remainder when 86 is divided by 34?
18
Calculate the remainder when 318 is divided by 20.
18
Calculate the remainder when 292 is divided by 99.
94
Calculate the remainder when 1199 is divided by 303.
290
What is the remainder when 2750 is divided by 32?
30
Calculate the remainder when 2458 is divided by 16.
10
Calculate the remainder when 42 is divided by 39.
3
What is the remainder when 43159 is divided by 65?
64
What is the remainder when 1896 is divided by 553?
237
Calculate the remainder when 1713 is divided by 66.
63
Calculate the remainder when 1441 is divided by 19.
16
What is the remainder when 76 is divided by 10?
6
Calculate the remainder when 1002 is divided by 330.
12
Calculate the remainder when 9738 is divided by 35.
8
Calculate the remainder when 558 is divided by 20.
18
Calculate the remainder when 441 is divided by 74.
71
Calculate the remainder when 1669 is divided by 25.
19
Calculate the remainder when 307 is divided by 52.
47
Calculate the remainder when 718 is divided by 359.
0
What is the remainder when 641 is divided by 108?
101
Calculate the remainder when 1481 is divided by 13.
12
Calculate the remainder when 5912 is divided by 13.
10
What is the remainder when 7468 is divided by 249?
247
Calculate the remainder when 348 is divided by 41.
20
What is the remainder when 70 is divided by 20?
10
Calculate the remainder when 107 is divided by 60.
47
Calculate the remainder when 831 is divided by 272.
15
What is the remainder when 348 is divided by 32?
28
What is the remainder when 1269 is divided by 630?
9
Calculate the remainder when 1379 is divided by 45.
29
What is the remainder when 521 is divided by 261?
260
Calculate the remainder when 246 is divided by 115.
16
What is the remainder when 58 is divided by 8?
2
What is the remainder when 1185 is divided by 12?
9
Calculate the remainder when 448 is divided by 143.
19
What is the remainder when 283 is divided by 13?
10
What is the remainder when 4265 is divided by 36?
17
Calculate the remainder when 448 is divided by 215.
18
Calculate the remainder when 629 is divided by 218.
193
What is the remainder when 210 is divided by 29?
7
Calculate the remainder when 4 is divided by 4.
0
What is the remainder when 2183 is divided by 84?
83
Calculate the remainder when 164 is divided by 13.
8
Calculate the remainder when 1528 is divided by 17.
15
What is the remainder when 808 is divided by 27?
25
Calculate the remainder when 3034 is divided by 217.
213
What is the remainder when 897 is divided by 50?
47
Calculate the remainder when 3182 is divided by 22.
14
Calculate the remainder when 1227 is divided by 609.
9
Calculate the remainder when 29884 is divided by 247.
244
What is the remainder when 60 is divided by 17?
9
Calculate the remainder when 1234 is divided by 84.
58
What is the remainder when 339 is divided by 47?
10
Calculate the remainder when 140 is divided by 12.
8
Calculate the remainder when 822 is divided by 60.
42
What is the remainder when 585 is divided by 16?
9
Calculate the remainder when 1246 is divided by 96.
94
What is the remainder when 5036 is divided by 8?
4
What is the remainder when 670 is divided by 63?
40
What is the remainder when 422 is divided by 71?
67
What is the remainder when 615 is divided by 157?
144
Calculate the remainder when 6208 is divided by 50.
8
Calculate the remainder when 2231 is divided by 93.
92
What is the remainder when 4291 is divided by 19?
16
Calculate the remainder when 357 is divided by 41.
29
What is the remainder when 5590 is divided by 1863?
1
What is the remainder when 468 is divided by 259?
209
Calculate the remainder when 963 is divided by 953.
10
Calculate the remainder when 537 is divided by 11.
9
What is the remainder when 2303 is divided by 144?
143
Calculate the remainder when 240 is divided by 110.
20
What is the remainder when 97 is divided by 41?
15
Calculate the remainder when 1800 is divided by 92.
